q) = 6*q - 116. Let u = 355 + -335. Let p be t(u). Calculate i(p).
-25
Let u(d) be the first derivative of 7*d**2 - d + 1286. What is u(2)?
27
Let p(f) = f**2 + 3*f - 3. Let n = -83 - -84. Let h be (20/30)/(n/6). Let b be 1/(8/16*(-2)/h). Determine p(b).
1
Let c(u) be the first derivative of u**4/2 - 3*u**3 - 4*u**2 + 7*u + 702. What is c(5)?
-8
Suppose -107*s + 35*s + 648 = 0. Let g(d) = 2*d - 21. Calculate g(s).
-3
Let f(y) = -2*y - 7. Let p(k) = k - 1. Let h(i) = 13*i + 68. Let b(g) = -h(g) + 2*p(g). Let r be b(-6). What is f(r)?
1
Let r = 439 - 437. Let t(z) = -46*z**2 - z**3 + 4*z - 35*z**2 + 84*z**r + 1. Determine t(4).
1
Suppose 2*n - 6*n + 32 = 0. Let d(f) = -4*f**3 - 2*f**2 - 4*f - 3. Let w be d(-1). Let o(r) = 15*r - 6*r + w - r**2 - 9. What is o(n)?
2
Let m(h) = -h**3 + 5*h**2 - h + 4. Suppose 3*y - 4*a = -5*a - 17, -3*y = 2*a + 16. Let g be (40/(-30))/(2/y). Calculate m(g).
16
Let b(l) = 27*l**3 - 9*l**2 + 28*l. Let m(y) = 25*y**3 - 7*y**2 + 27*y. Let t(x) = -12*b(x) + 13*m(x). What is t(-16)?
16
Suppose 0 = 2*x + 4*u - 10, -4*x + 29 = -14*u + 13*u. Let m(b) = -b**2 + 13*b + 12. Let h(r) = -r - 1. Let q(n) = -6*h(n) - m(n). What is q(x)?
-6
Suppose 4 + 8 = 3*l + 3*d, -2*d = 0. Let o be (-12)/(-8)*l/(-6). Let h be -29*(-1)/6 + o/(-6). Let n(z) = -z**3 + 3*z**2 + 6*z + 3. What is n(h)?
-17
Let k(g) = g**2 - 32*g + 227. Suppose -4*w + 24 = 2*c, -5*w + 5 - 8 = c. Give k(c).
7
Suppose -147*f - 30 = -4*r - 145*f, -r + 3 = -5*f. Let p(z) = z - 15. Give p(r).
-7
Let x(m) = -2*m**2 + 10*m - 6. Suppose -4774 = 5*r + 6*r. Let i = r + 439. Give x(i).
-6
Let w(c) = 2*c + 17. Let a be w(-7). Let x(q) = -q**3 + 7*q**2 - 3 + 0*q**2 + q - 3*q**2 - q**a. Suppose -2*s + 23 - 17 = 0. Determine x(s).
-18
Let y(s) = -s**3 - 9*s**2 + 6*s + 4. Let n = -1936 + 1927. What is y(n)?
-50
Let o(m) = 2*m - m**3 - m + 2*m + 0*m - 3. Let u = 117 - 115. Let l be o(u). Let z(s) = -s**3 - 6*s**2 - 5*s + 1. Determine z(l).
1
Let s(l) = -l**2 - 61*l - 472. Suppose 3*x + 21 = -42*p + 40*p, -2*p - 4*x - 22 = 0. Give s(p).
-4
Let c(o) = 18*o**2 - 7*o. Let v be c(7). Suppose 828*b - 35 = v*b. Let n(m) = -3*m - 18. Give n(b).
3
Let g(k) = 2*k + 5. Let m(f) = -f - 5. Let t be (10/(-4))/((-7)/14). Let p(d) = t*g(d) + 6*m(d). Suppose 2*z - 177 + 169 = 0. What is p(z)?
11
Let c(t) = -t**3 + 3*t**2 + 5*t + 19. Suppose -141*q + 890 = 37*q. Calculate c(q).
-6
Let t(v) = 6*v**3 + 2*v**2 - 3*v + 2. Let i = -6493 - -6494. Calculate t(i).
7
Let p(s) = 65 - 275*s**3 + 11*s**2 + 274*s**3 - 77*s + 18*s + 20*s + 18*s. What is p(9)?
38
Let r(t) be the third derivative of -t**5/60 - t**4/3 + 9*t**3/2 + 20*t**2. Let z be r(-11). Let x be (-4)/z - (-22)/(-33). Let g(q) = -q**2 - q + 2. Give g(x).
2
Let n(i) = 15*i - 4. Let l(k) = -k**3 + 87*k**2 + 101*k - 1143. Let h be l(88). Give n(h).
11
Suppose -7*h - 50 + 8 = 0. Let s(p) be the first derivative of p**4/4 + 2*p**3 + p**2 + 8*p + 15. What is s(h)?
-4
Let r be (-9)/(-2)*11264/6336. Let x(v) = -v - 1. Let t(b) = -b**2 + 7*b - 10. Let k(h) = t(h) - x(h). What is k(r)?
-9
Let m(i) = -3*i - 2. Let f(k) = -4*k - 2. Let x(v) = 4*f(v) - 6*m(v). Suppose 0 = -4*n - 12 + 16. Let d be -5 + -8 + n - (-1 + -3). Determine x(d).
-12
Let b be (-18)/8 - (-1)/4. Let n be (-889 - 0)*36/(-42). Let r(u) = -762 - 4*u + n. Calculate r(b).
8
Let t(r) = r + 2. Let a be t(6). Suppose 3*d + 8*v + 4 = 4*v, -d - 3*v - a = 0. Let x(l) = 68*l + 12 - 67*l - d. What is x(7)?
15
Let a(q) be the second derivative of -q**4/12 + q**3/3 - q**2/2 + q - 62. Calculate a(2).
-1
Let o(m) = 2*m**2 + 6*m + 2. Let w(x) = -x**2 + 9*x - 12. Let u be 4*4*((-60)/24 - -3). Let v be w(u). Give o(v).
10
Let j = -92 + 195. Let q = j - 100. Let w(p) = p**3 - 5*p**2 + 5*p - 2. Give w(q).
-5
Let z(s) = 48*s**2 + 3*s + 1. Let f(j) = -2*j**2 - j. Let b(c) = 3*f(c) + z(c). What is b(-1)?
43
Let l(s) = -s**2 + 3*s + 1. Let g(j) be the first derivative of -j**3/3 - 4*j**2 - 4*j + 19. Let i be g(-6). Let y be i/(-36) + 2/(-18)*-38. Calculate l(y).
-3
Let u(q) = -26 - 12*q**2 - 14*q**2 + 27*q**2 + 23. Let s(t) = -5*t**3 + t + 1. Let v be s(-1). Suppose v*b + 14 = -3*k, -b + 16 = -4*k + 5. What is u(k)?
6
Let q = -155 - -219. Suppose 68 + q = 6*c. Let x(o) = -41 - o + c + 22. Determine x(3).
0
Let a(n) = -5*n + 4. Let t(r) = -6*r + 5. Let j = -6 + -1. Let w(g) = j*a(g) + 6*t(g). Let l(i) = -60*i**2 - 721*i - 18. Let m be l(-12). Calculate w(m).
8
Let x(y) = -y**3 - 13*y**2 - 14*y + 6. Suppose -3*h = 5*g + 36, 5129*g = 5128*g + 5*h + 4. Give x(g).
-162
Suppose 0 = -235*r + 63*r - 15*r + 187. Let v(n) = 2*n**3 + n**2 - 5*n + 5. Determine v(r).
3
Let h be (-45)/90*(-1 - 1). Let d(s) = -27*s - 4. Let p(q) = q + 1. Let r(z) = d(z) + 3*p(z). Calculate r(h).
-25
Let l(w) be the first derivative of -w**2/2 - 11*w - 18. Suppose j = u + 12, -5*u - j - 53 = -17. Determine l(u).
-3
Let r(q) = -q**3 + 10*q**2 - 20*q. Suppose -4*c = -5*v + 11, -38*c + 43*c = -v + 37. What is r(v)?
7
Let t(z) = z**2 + 15*z + 50. Let w be -19 - 24/(48/(-16)). Calculate t(w).
6
Suppose 0 = -3*r + 5*r - 4*i - 130, r + 4*i - 65 = 0. Suppose -r*k = -62*k + 3. Let g(m) = 18*m**2 - m. Calculate g(k).
19
Let v(r) = 11*r + 79. Let w(t) = t - 44. Let s(i) = -4*v(i) - 4*w(i). Calculate s(-3).
4
Suppose 0 - 4 = -n, -2*v + 5*n + 4 = 0. Let l(z) = -13 + 13 - v + 2*z. Give l(8).
4
Let h(l) = -l + 2. Suppose -6 = -m - o, -2*m = -3*m - 5*o + 14. Suppose -4*u - 2*p = -p + 3, 9 = -m*u - 3*p. Suppose u = -6*f + 1 + 17. Calculate h(f).
-1
Let l(r) = 2*r**2 + 25*r - 22. Let z(t) = -t**2 - 13*t + 23. Let n(h) = 2*l(h) + 3*z(h). Determine n(-8).
1
Let k(z) = 3*z + 8 - 9 + 4 + z**2. Let f(l) = l + 20. Let h(n) = n**2 - 11*n + 4. Let y be h(7). Let p be f(y). Calculate k(p).
7
Let j(x) be the second derivative of 0*x**3 + 0 + 6*x + 7/2*x**2 + 1/12*x**4. Let b(a) be the first derivative of j(a). Give b(-3).
-6
Let f(c) = -81*c + 1. Let t(b) = -1212*b + 30. Let o(s) = -15*f(s) + t(s). Calculate o(-12).
-21
Let z(n) be the first derivative of 2*n + n**2 - 12 - 1/2*n**4 - 4/3*n**3. Suppose 5*k + s + 13 = 0, k + 6 + 5 = 4*s. Give z(k).
14
Let m(i) = 7*i**3 - 21*i**2 + 83*i - 44. Let g(b) = -9*b**3 + 20*b**2 - 83*b + 49. Let u(v) = -4*g(v) - 5*m(v). Give u(-28).
-4
Let y(r) be the third derivative of r**4/4 + r**3/3 - 37090*r**2. Suppose -d + 17 = -0*d - 4*c, -12 = 4*c. Determine y(d).
32
Let i(g) = -g + 5. Let d = -25 + 28. Suppose -2*x = -3*t - 23, -d*x + 2*t - 10 = -8*x. Suppose 0 = x*c - 18 - 2. Calculate i(c).
0
Let v(y) be the third derivative of 0*y + 0*y**3 + 11/40*y**6 + 1/60*y**5 + 5 + 5*y**2 + 0*y**4. Calculate v(-1).
-32
Let f(g) = 6*g + 1. Let s(u) be the third derivative of u**4/4 + 43*u**3/3 - 7*u**2 + 5. Let p be s(-14). Determine f(p).
13
Let l(b) = 2 - 5 + 2*b + 3 - 1. Let p be 3/(-15) - (-31)/5. Suppose 4*h - t = -p, h + 0*h = -3*t - 8. Determine l(h).
-5
Let b(a) = -27*a**3 - a + 1. Let q(m) = 20*m**3 - m**2 + 2*m + 1. Let y(n) = -3*b(n) - 4*q(n). Determine y(-5).
-7
Let p(x) be the second derivative of -x**4/12 + 29*x**3/6 + 24*x**2 + 2*x - 343. Determine p(30).
18
Let t(b) = b**2 - 15*b - 1. Suppose -13*f = 6*f - 6365. Suppose f = 6*a + 245. What is t(a)?
-1
Let d(w) = -1 + 177*w**2 + 0*w + 181*w**2 - w - 356*w**2. Determine d(-3).
20
Suppose 3*b + 418 = w + 443, 5*w - 2*b = -47. Let u(i) = 27*i + 183. What is u(w)?
-6
Let v(l) = 4*l. Let q = -196 - -200. Let m be (-2)/(-10) + (-596)/(-20). Let u be (m/(-42) + q/(-14))/1. Calculate v(u).
-4
Suppose -3*v - 3*a + 21 = -a, 3*a + 9 = 0. Let w be 3*((-42)/v + 6). Let c(s) = -3*s + 4. Calculate c(w).
-8
Let v be (3/(-4))/((-3)/(-24)). Let i(g) be the second derivative of -g**4/12 - 4*g**3/3 - 4*g**2 - 15781*g. What is i(v)?
4
Let k(c) = -c**2 + 5*c - 5. Let r be (15/(675/(-18)))/((-2)/20). Suppose -n = -t + 3*t, -8 = -r*n - 4*t. What is k(n)?
-1
Let k(b) = -68*b + 8. Let f(m) = -27*m + 4. Let t(r) = 5*f(r) - 2*k(r). Calculate t(-6).
-2
Let m(i) be the first derivative of 25*i**3/3 + i**2 + i + 251. Give m(1).
28
Let b(z) be the first derivative of z**5/20 - z**4/2 + 2*z**3/3 + 5*z**2/2 + 200*z - 105. Let k(h) be the first derivative of b(h). Give k(4).
-11
Let j(z) = 532*z**2 - 18*z**3 - 538*z**2 + 19*z**3 - 9*z + 26. What is j(7)?
12
Let u = -30 - -32. Suppose -2*p + 24 = 4*s, p - u*p = -2*s. Le